he prime factors of j.
2, 5, 13
Let a be (-2)/9 - (-228)/54. Suppose -a*j - 18 = -2. What are the prime factors of 26 + j + (0 - -1)?
23
Suppose -3*n - 2*n = -5. Let x be (-1)/2*1*10. What are the prime factors of n/(-5) + (-11)/x?
2
Suppose 4*z - 2*v - 1816 = 0, z - 2*v - 904 = -z. What are the prime factors of (-2)/(-7) - z/(-21)?
2, 11
Let u(l) = -l**3 - 5*l**2 - l - 3. Suppose 0*k = k + 5. Let d be u(k). List the prime factors of 15 + d/(2/(-1)).
2, 7
Suppose 0 = 2*s + 2*s - 92. Suppose -m + 5*h + 0*h = s, 2*h - 12 = -m. Suppose -4*t - m = -v - t, -4*v + 50 = 2*t. What are the prime factors of v?
11
Let k = 9 - -99. What are the prime factors of k?
2, 3
Let r be (60 + 0)*(-4)/(-3). Suppose 4*j = -4*q + r, -4*q - 29 = -3*j + 17. List the prime factors of j.
2, 3
Let m(t) = -t**3 - 6*t**2 + 1. Let q be m(-6). What are the prime factors of (2 - q) + 1 + 10?
2, 3
Suppose 4*q - 1 = 3*q. Let y be (-48)/(-20) - 4/10. Suppose -4*l = y*p - 9*l + q, -5*p + 3*l = -7. What are the prime factors of p?
2
Let v(t) = t**3 - 10*t**2 + 10. List the prime factors of v(10).
2, 5
Let m(r) = -r**2 + 7*r - 3. Let g be m(6). Suppose 0 = -j + 5 - 2. List the prime factors of 11/g + (-2)/j.
3
Let t = 83 + -45. Suppose 9*g - 7*g = t. What are the prime factors of g?
19
Let f(o) = -o**2 - o + 6. Let p = -1 + 1. List the prime factors of f(p).
2, 3
Let c = -13 + 25. What are the prime factors of c?
2, 3
Suppose -3*c + 5*f = 4*f - 125, c + 3*f = 45. What are the prime factors of c?
2, 3, 7
Let d(s) = -s - 1. Let v be d(-3). Suppose 5*l - 26 = -v*n, -n - 2*l = 4*n - 65. List the prime factors of n.
13
What are the prime factors of 0 + 6/27 - 572/(-18)?
2
Suppose -4*n = -0*n - 28. Let b = 11 - n. Suppose 0*w - 12 = b*w, -5*z + w + 28 = 0. List the prime factors of z.
5
Let i(l) = -l - 3. Let s(c) = -c - 1. Let y(w) = -i(w) + 2*s(w). Suppose 0 = 4*q + q + 35. List the prime factors of y(q).
2
Let i(d) be the second derivative of -4/3*d**3 - 3/2*d**2 - 1/20*d**5 + 0 + d - 2/3*d**4. List the prime factors of i(-7).
2
Suppose -4*q + 276 = u + u, -3*u - 2*q + 394 = 0. What are the prime factors of u?
2
Let r(l) = -22*l + 21. List the prime factors of r(-5).
131
Let d = 10 - 14. Let k = 1 - d. List the prime factors of k.
5
Let q = 31 - -17. List the prime factors of q.
2, 3
What are the prime factors of 3/(-4) + (-127)/(-4) + 3?
2, 17
Let i(d) = -25*d**3 + 7*d**2 - 5*d - 2. Let c(m) = 13*m**3 - 4*m**2 + 3*m + 1. Let y(z) = 5*c(z) + 3*i(z). List the prime factors of y(-1).
2, 5
Let p = -10 + 4. Suppose -2*b = -b + 6. List the prime factors of p*4/(16/b).
3
Suppose -v - 4*v = 10. What are the prime factors of (-2250)/(-78) - v/13?
29
Suppose 2*z - c = 7*z - 49, 4*c = -z + 25. List the prime factors of z.
3
Suppose b + 4*a = -9, -3*a + 6*a = -4*b - 10. Let i be -2*(1 - b - 4). Suppose -4*o - 3 = -3*r + 30, -3*r - i*o + 9 = 0. List the prime factors of r.
7
Let m be (-3)/(-1*(-1)/(-6)). Suppose 2*s + m = z + 5*s, 2*s = -5*z + 25. Suppose 7 = z*j + 1. What are the prime factors of j?
2
Suppose o + 3 = 5. What are the prime factors of o/9 - (-210)/27?
2
Let z(d) = -d**3 + 7*d**2 - 7*d + 8. Let l be z(6). Suppose 5 = l*n - 15. Suppose c - n = -3*s, -3*c = 5*s + c - 19. What are the prime factors of s?
3
Let h = 6 + 1. Let r = h + -4. Suppose -3 = -2*u - 3*d, -r*u - u + 11 = d. List the prime factors of u.
3
Let j be (2 + (1 - 2))*15. Let g = -11 + j. Let d = g - 2. What are the prime factors of d?
2
Suppose 4*u = 6*u - 4. Let j = 16 + u. What are the prime factors of j?
2, 3
Let a be (-2)/(6/39) - 2. Let r be 4/(-3) + (-5)/a. What are the prime factors of (4/(-12))/(r/27)?
3
Suppose -2*p - 26 = -3*r + 2, 44 = 5*r - 4*p. List the prime factors of r.
2, 3
Let a(o) = -o**2 - 6*o + 7. Let y be a(-7). Suppose 0 = d - 2*d + 2. Let x = y + d. List the prime factors of x.
2
Suppose -4*k + 7*k - 183 = 0. Let u = -14 + k. List the prime factors of u.
47
Let c(x) = x**3 + 3*x**2 + 4. Let i be ((-3)/(-2))/((-9)/(-12)). Suppose i*a + 4 = 0, -2*a - 2 = p + 5. What are the prime factors of c(p)?
2
Suppose -4*a - 39 = 9. What are the prime factors of (18/a)/((-1)/4)?
2, 3
Let z(v) = v**3 + 8*v**2 + 5*v - 9. Let q(m) = -m + 1. Let d be q(8). What are the prime factors of z(d)?
5
Let u = 62 + 4. Suppose -u = -2*b - b. What are the prime factors of b?
2, 11
Let j = -42 - -24. Let a = j - -45. List the prime factors of a.
3
Let x = 13 - 9. Suppose 0 = -3*u + x*u. Suppose -4*k - 5*t + 36 = 0, -4*k + 3*t + u*t + 68 = 0. List the prime factors of k.
2, 7
Let y be ((-6)/(-15))/((-2)/(-5)). Suppose -4*h - 5 = -4*v + 11, -y = 2*v + h. Let n(q) = 11*q + 1. List the prime factors of n(v).
2, 3
Suppose 0 = 2*i - 3*b + 5, -i - 12 = -4*b - 2. Suppose 0*o = i*o - 6. List the prime factors of o.
3
Let r = -6 + 10. Let p(w) = w**3 - 11*w**2 - 11*w - 9. Let q be p(12). Let h = r + q. What are the prime factors of h?
7
Suppose -18 + 2 = -4*l. Suppose 0 = 3*y + 9, 72 = l*k - 3*y + 7. What are the prime factors of -1 + k + (-1 - -1)?
13
Suppose -3*h - 282 = -4*p, -h = -p + 6*p - 343. What are the prime factors of p?
3, 23
Suppose 0 = 3*b - g - 5, 4*b + 5*g - 31 - 1 = 0. Let x(l) = -l**3 + 4*l**2 - l - 4. What are the prime factors of x(b)?
2
Suppose -80 = -2*s + o, -1 = o - 5. Suppose 0*g = -3*g + s. List the prime factors of g.
2, 7
Suppose 13 + 17 = 5*g. Suppose 0*j - g = -3*j. What are the prime factors of j?
2
Suppose 4*t = -t + 10. List the prime factors of 0 + t + 8*2.
2, 3
Let w = -4 + 11. Suppose -55 = -w*z + 22. What are the prime factors of z?
11
Let t(s) = -3*s + 1. Let v be t(-3). Let q = v + -3. List the prime factors of q.
7
Let d = -3 - -5. Let h = 17 - 3. Suppose -h = -q - d. List the prime factors of q.
2, 3
Let h(d) = -d**2 + 8*d + 11. Let a be h(10). List the prime factors of (-61)/a + (-14)/(-63).
7
Suppose -g = -46 + 10. List the prime factors of g.
2, 3
List the prime factors of (-5 - -4 - -49) + 3.
3, 17
Let p be (-56)/(-10) - 6/(-15). Suppose -p*l + 9 = -3*l. Suppose -l*z + 16 + 8 = 0. What are the prime factors of z?
2
Let t be 2/(-3)*(-207)/6. Suppose -2*z + 9 + t = 0. Let x = z - 8. List the prime factors of x.
2
Let f(w) = -w**3 - 7*w**2 - w + 5. What are the prime factors of f(-8)?
7, 11
Let b be (-2)/11 + 114/22. Suppose -b*w + 5*t + 120 = 0, 2*w + 3*t = -0*w + 38. List the prime factors of w.
2, 11
Suppose -20 - 4 = 4*n. What are the prime factors of 26 - n*(-1)/2?
23
Let i(x) = x**3 - 11*x**2 + 3*x - 13. List the prime factors of i(11).
2, 5
Suppose 4 - 6 = 2*u. List the prime factors of (-3)/(-2 - u/2).
2
Suppose 4*a = 2*h - 16, 3*a - 2*h - 3*h = -12. Let j(z) = z**3 + 4*z**2 - z - 3. Let k be j(a). List the prime factors of 0 + 4 - (k + -1).
2
Let b(d) = d**3 + 6*d**2 + d - 11. Let m be b(-5). Let o(j) = 2 + j**2 - 15 - j - 6*j. List the prime factors of o(m).
5
Let d be -2 - (0 + -1) - -6. Suppose q - 13 = d. Suppose 4*p = -8, p + p = 2*k - q. List the prime factors of k.
7
Suppose 6 = 6*d - 4*d. Suppose p + 95 = 4*l - 2*l, -2*p + 153 = d*l. What are the prime factors of l?
7
Suppose -2*u = j - 439 - 189, 0 = 2*u - 4*j - 618. List the prime factors of u.
313
Let s = -27 - -46. Suppose -5*x + 4*g + s = 5*g, 0 = -4*x - 2*g + 20. What are the prime factors of x?
3
Suppose -81 = -2*a + y, 5*a + y = 3*a + 71. List the prime factors of a.
2, 19
Suppose 0 = -3*t + 11*t - 88. What are the prime factors of t?
11
Let f(o) = o**3 + 4*o**2 + 4*o + 2. Let z be f(-2). Suppose -z = -d + 3*d. Let s(r) = -2*r. List the prime factors of s(d).
2
Let c(v) = 2*v - 9. Let z be c(6). Suppose s = 3*k - 11, -4*s + 5*k - 12 = -z. Let f = s - 1. What are the prime factors of f?
3
Suppose b = -i - 11, -5*b + i + 0*i - 25 = 0. List the prime factors of -1 + 28 + 3 + b.
2, 3
Let t(q) = q**3 - 12*q**2 + 14*q - 16. Let x be t(11). Suppose -w + x = r + r, -1 = -r - 2*w. List the prime factors of r.
11
What are the prime factors of 9*(-2)/(-7)*(-448)/(-24)?
2, 3
Let v be ((-3)/(-4) + -1)*0. Suppose 5*q = 5*s - 35, 32 = s - v*q + 4*q. What are the prime factors of s?
2, 3
Let v(s) = s**3 + 7*s**2 + 5. Let t be v(-7). Suppose q + 32 = t*q. What are the prime factors of q?
2
List the prime factors of (-32)/(-6)*90/5.
2, 3
Let l(f) = f**3 + 7*f**2 - 7*f + 8. Let g be l(-8). Suppose 4*a - 4*h + 23 - 79 = g, -h = 5*a - 